umber?
False
Is 6879605 a composite number?
True
Is 4861 composite?
False
Is 1069 a composite number?
False
Is 15149 a composite number?
False
Is 6213617 composite?
False
Is 43451 a prime number?
True
Is 180031 a composite number?
True
Is 445 composite?
True
Is 2113087 a composite number?
False
Is 340687 a prime number?
True
Is 86239 a prime number?
True
Is 149 a prime number?
True
Is 23847 a prime number?
False
Is 26903 a prime number?
True
Is 3401 a composite number?
True
Is 228073 composite?
True
Is 4105 prime?
False
Is 14998 prime?
False
Is 6433 prime?
False
Is 48947 a composite number?
False
Is 1078265 a composite number?
True
Is 224011 prime?
True
Is 266233 a prime number?
False
Is 110857 a composite number?
True
Is 190879 composite?
True
Is 12059 a prime number?
False
Is 31867 composite?
True
Is 3433 composite?
False
Is 29599 a composite number?
False
Is 5269 a prime number?
False
Is 497831 composite?
False
Is 66169 prime?
True
Is 113743 a prime number?
False
Is 302897 a composite number?
True
Is 45947 composite?
True
Is 1151 composite?
False
Is 907637 prime?
True
Is 1154707 a prime number?
True
Is 161221 composite?
False
Is 4409 a prime number?
True
Is 62401 prime?
True
Is 120023 a composite number?
True
Is 56149 a composite number?
False
Is 541 prime?
True
Is 11422 a prime number?
False
Is 61837 a composite number?
False
Is 883873 composite?
True
Is 126627 composite?
True
Is 251 a composite number?
False
Is 54269 a prime number?
True
Is 18689 a prime number?
False
Is 38443 a prime number?
False
Is 21695 a prime number?
False
Is 1259371 prime?
True
Is 2273917 composite?
True
Is 386419 composite?
True
Is 4049 a composite number?
False
Is 1073 a prime number?
False
Is 5585 composite?
True
Is 8083 composite?
True
Is 174565 prime?
False
Is 587 composite?
False
Is 796859 composite?
True
Is 2973 composite?
True
Is 25861 a composite number?
True
Is 2671 a prime number?
True
Is 42739 a composite number?
True
Is 144877 prime?
False
Is 118697 a prime number?
False
Is 36761 a composite number?
False
Is 294127 a composite number?
False
Is 107249 composite?
True
Is 7363 a prime number?
False
Is 114965 a composite number?
True
Is 500957 prime?
True
Is 2129 composite?
False
Is 1949 a composite number?
False
Is 346639 a prime number?
True
Is 14983 a prime number?
True
Is 450451 a composite number?
False
Is 267987 prime?
False
Is 3593 a composite number?
False
Is 16823 a prime number?
True
Is 62071 a prime number?
True
Is 5923 prime?
True
Is 55249 a composite number?
False
Is 211151 a prime number?
True
Is 383489 prime?
True
Is 22679 composite?
False
Is 24439 a prime number?
True
Is 57623 a composite number?
True
Is 73957 a prime number?
False
Is 51031 composite?
False
Is 122069 a composite number?
False
Is 38219 prime?
True
Is 941527 composite?
True
Is 679669 prime?
True
Is 83381 prime?
False
Is 282197 composite?
True
Is 273029 prime?
True
Is 177623 prime?
True
Is 22469 prime?
True
Is 133631 a prime number?
True
Is 42421 a composite number?
True
Is 6007 a prime number?
True
Is 101789 a prime number?
True
Is 4391 prime?
True
Is 51583 a composite number?
True
Is 85282 a composite number?
True
Is 1489859 a prime number?
False
Is 26615 composite?
True
Is 19093 a prime number?
False
Is 331 prime?
True
Is 90203 a composite number?
False
Is 12301 composite?
False
Is 300841 a prime number?
False
Is 48157 a prime number?
True
Is 46427 composite?
True
Is 26141 composite?
False
Is 26807 composite?
True
Is 2761 a prime number?
False
Is 3551 a prime number?
False
Is 359245 a prime number?
False
Is 586033 a prime number?
False
Is 7895 a prime number?
False
Is 143237 a prime number?
False
Is 31307 composite?
False
Is 11113 a composite number?
False
Is 659771 prime?
False
Is 234382 prime?
False
Is 810241 a composite number?
True
Is 16217 a prime number?
True
Is 32243 a composite number?
True
Is 2449 a prime number?
False
Is 13067 a composite number?
True
Is 773701 prime?
False
Is 929 a composite number?
False
Is 175745 prime?
False
Is 297953 prime?
True
Is 33717 a composite number?
True
Is 81157 a composite number?
False
Is 93511 a composite number?
True
Is 116257 a composite number?
False
Is 7071 a prime number?
False
Is 118109 prime?
False
Is 6937 a prime number?
False
Is 43423 composite?
True
Is 33049 composite?
False
Is 33563 prime?
True
Is 15131 a prime number?
True
Is 63467 a composite number?
False
Is 13781 prime?
True
Is 219179 composite?
True
Is 435355 composite?
True
Is 28387 prime?
True
Is 2462 prime?
False
Is 1044091 prime?
True
Is 351593 prime?
False
Is 24287 a composite number?
True
Is 205311 a composite number?
True
Is 1759 composite?
False
Is 67523 a composite number?
False
Is 832837 composite?
False
Is 1571 a prime number?
True
Is 17203 a prime number?
True
Is 21449 a composite number?
True
Is 94897 prime?
False
Is 50803 composite?
True
Is 81749 prime?
True
Is 1218157 composite?
False
Is 26237 a composite number?
False
Is 146639 a prime number?
True
Is 98593 composite?
True
Is 229759 composite?
False
Is 109009 prime?
False
Is 23099 a composite number?
False
Is 3217 a composite number?
False
Is 2883433 composite?
True
Is 304006 composite?
True
Is 65153 prime?
False
Is 167845 a composite number?
True
Is 10007 a prime number?
True
Is 346217 prime?
True
Is 39799 a composite number?
False
Is 201881 a composite number?
False
Is 366941 composite?
False
Is 17557 composite?
True
Is 1517 a prime number?
False
Is 6287 composite?
False
Is 19657 composite?
True
Is 1207 a prime number?
False
Is 73057 composite?
True
Is 80963 a composite number?
False
Is 5669 composite?
False
Is 8419 a prime number?
True
Is 307 prime?
True
Is 337627 composite?
False
Is 178753 prime?
True
Is 251711 composite?
True
Is 8707 a prime number?
True
Is 317227 a prime number?
True
Is 180043 composite?
False
Is 169063 composite?
False
Is 5045 composite?
True
Is 15053 a composite number?
False
Is 144461 a composite number?
False
Is 209629 a composite number?
True
Is 8191 a prime number?
True
Is 1603101 prime?
False
Is 1011641 composite?
False
Is 149263 composite?
True
Is 8795 a prime number?
False
Is 424045 prime?
False
Is 8663 a prime number?
True
Is 958157 a composite number?
True
Is 5938 composite?
True
Is 13645 prime?
False
Is 3659 a prime number?
True
Is 460813 composite?
False
Is 1893701 a prime number?
True
Is 8329 a composite number?
False
Is 217439 a prime number?
True
Is 108269 composite?
True
Is 467353 prime?
True
Is 57877 a prime number?
False
Is 50767 composite?
False
Is 4189 composite?
True
Is 18455 a prime number?
False
Is 170615 prime?
False
Is 23399 composite?
False
Is 20869 a prime number?
False
Is 9813 composite?
True
Is 7971 a prime number?
False
Is 25391 a prime number?
True
Is 11771 a prime number?
False
Is 4721 a composite number?
False
Is 4421 prime?
True
Is 133403 composite?
False
Is 192651 composite?
True
Is 28115 composite?
True
Is 3239 composite?
True
Is 2371 a composite number?
False
Is 64109 a composite number?
False
Is 304959 a prime number?
False
Is 1451663 a prime number?
True
Is 4561 a composite number?
False
Is 78839 a prime number?
True
Is 398249 a composite number?
False
Is 9123 a composite number?
True
Is 22054 a prime number?
False
Is 13897 composite?
True
Is 1758149 prime?
True
Is 152911 a prime number?
False
Is 35233 prime?
False
Is 27989 a composite number?
True
Is 15779 composite?
True
Is 46301 composite?
False
Is 1367 a prime number?
True
Is 10939 prime?
True
Is 3341 a prime number?
False
Is 1369 prime?
False
Is 496393 composite?
True
Is 33379 a composite number?
True
Is 7841 a composite number?
False
Is 738263 composite?
False
Is 10559 a prime number?
True
Is 1061 prime?
True
Is 9722 composite?
True
Is 21557 a prime number?
True
Is 2153 composite?
False
Is 30983 a prime number?
True
Is 576169 a prime number?
False
Is 141 a prime number?
False
Is 1034897 a prime number?
False
Is 1816301 a prime number?
True
Is 187601 a prime number?
False
Is 31957 prime?
True
Is 102761 a composite number?
False
Is 12531 a prime number?
False
Is 39551 composite?
False
Is 4711 prime?
False
Is 15877 a composite number?
False
Is 73517 a composite number?
False
Is 12394 a composite number?
True
Is 158843 composite?
False
Is 2503 prime?
True
Is 2063 prime?
True
Is 22